{"id":365,"date":"2014-11-05T22:58:37","date_gmt":"2014-11-05T20:58:37","guid":{"rendered":"http:\/\/www.josephinegey.de\/josephine_gey\/?page_id=365"},"modified":"2015-07-25T20:43:06","modified_gmt":"2015-07-25T18:43:06","slug":"audio","status":"publish","type":"page","link":"https:\/\/www.josephinegey.de\/josephine_gey\/audio\/","title":{"rendered":"Audio"},"content":{"rendered":"<p>[et_pb_section fullwidth=&#8220;on&#8220; specialty=&#8220;off&#8220;][et_pb_fullwidth_header admin_label=&#8220;Vollbreite Kopfzeile&#8220; background_layout=&#8220;light&#8220; text_orientation=&#8220;left&#8220; header_fullscreen=&#8220;on&#8220; header_scroll_down=&#8220;on&#8220; scroll_down_icon=&#8220;%%1%%&#8220; background_url=&#8220;https:\/\/www.josephinegey.de\/josephine_gey\/wp-content\/uploads\/2015\/07\/josephine_gey_schauspielerin_und_sprecherin_koeln05.jpg&#8220; parallax=&#8220;off&#8220; parallax_method=&#8220;off&#8220; content_orientation=&#8220;center&#8220; image_orientation=&#8220;center&#8220; custom_button_one=&#8220;off&#8220; button_one_letter_spacing=&#8220;0&#8243; button_one_use_icon=&#8220;default&#8220; button_one_icon_placement=&#8220;right&#8220; button_one_on_hover=&#8220;on&#8220; button_one_letter_spacing_hover=&#8220;0&#8243; custom_button_two=&#8220;off&#8220; button_two_letter_spacing=&#8220;0&#8243; button_two_use_icon=&#8220;default&#8220; button_two_icon_placement=&#8220;right&#8220; button_two_on_hover=&#8220;on&#8220; button_two_letter_spacing_hover=&#8220;0&#8243;] [\/et_pb_fullwidth_header][\/et_pb_section][et_pb_section][et_pb_row][et_pb_column type=&#8220;1_3&#8243;][et_pb_audio admin_label=&#8220;Audio&#8220; audio=&#8220;https:\/\/www.josephinegey.de\/josephine_gey\/wp-content\/uploads\/2014\/11\/Der-gro\u00dfe-Weihnachtssturm.mp3&#8243; title=&#8220;Die Kinder von Bullerb\u00fc &#8211; Der gro\u00dfe Schneesturm&#8220; artist_name=&#8220;Josephine Gey&#8220; background_color=&#8220;#f7f7f7&#8243; background_layout=&#8220;light&#8220; title_font_size=&#8220;16&#8243; use_border_color=&#8220;off&#8220; border_color=&#8220;#ffffff&#8220; border_style=&#8220;solid&#8220;] [\/et_pb_audio][\/et_pb_column][et_pb_column type=&#8220;1_3&#8243;][et_pb_audio admin_label=&#8220;Audio&#8220; audio=&#8220;https:\/\/www.josephinegey.de\/josephine_gey\/wp-content\/uploads\/2014\/11\/02-02-Kapitel-1-Die-Kuckucksuhr-und-stinkende-F\u00fc\u00dfe.mp3&#8243; title=&#8220;Fines fantastische Abenteuer &#8211; Kapitel 1&#8243; artist_name=&#8220;Josephine Gey&#8220; background_color=&#8220;#f7f7f7&#8243; background_layout=&#8220;light&#8220; title_font_size=&#8220;16&#8243; use_border_color=&#8220;off&#8220; border_color=&#8220;#ffffff&#8220; border_style=&#8220;solid&#8220;] [\/et_pb_audio][\/et_pb_column][et_pb_column type=&#8220;1_3&#8243;][et_pb_audio admin_label=&#8220;Audio&#8220; audio=&#8220;https:\/\/www.josephinegey.de\/josephine_gey\/wp-content\/uploads\/2014\/11\/06-Kapitel-5-Bitte-keine-Eisw\u00fcrfel-zur-hei\u00dfen-Schokolade.mp3&#8243; title=&#8220;Fines fantastische Abenteuer &#8211; Kapitel 5&#8243; artist_name=&#8220;Josephine Gey&#8220; background_color=&#8220;#f7f7f7&#8243; background_layout=&#8220;light&#8220; title_font_size=&#8220;16&#8243; use_border_color=&#8220;off&#8220; border_color=&#8220;#ffffff&#8220; border_style=&#8220;solid&#8220;] [\/et_pb_audio][\/et_pb_column][\/et_pb_row][\/et_pb_section]<\/p>\n","protected":false},"excerpt":{"rendered":"<p><div class=\"et_pb_section et_pb_section_0 et_section_regular\" >\n\t\t\t\t\n\t\t\t\t\n\t\t\t\t\n\t\t\t\t\n\t\t\t\t\n\t\t\t\t\n\t\t\t\t\n\t\t\t\t\n\t\t\t\t\n\t\t\t<\/div><div class=\"et_pb_row et_pb_row_0 et_pb_row_empty\">\n\t\t\t\t\n\t\t\t\t\n\t\t\t\t\n\t\t\t\t\n\t\t\t\t\n\t\t\t<\/div><\/p>\n","protected":false},"author":1,"featured_media":0,"parent":0,"menu_order":0,"comment_status":"open","ping_status":"open","template":"","meta":{"_et_pb_use_builder":"on","_et_pb_old_content":"","_et_gb_content_width":"","footnotes":""},"class_list":["post-365","page","type-page","status-publish","hentry"],"_links":{"self":[{"href":"https:\/\/www.josephinegey.de\/josephine_gey\/wp-json\/wp\/v2\/pages\/365","targetHints":{"allow":["GET"]}}],"collection":[{"href":"https:\/\/www.josephinegey.de\/josephine_gey\/wp-json\/wp\/v2\/pages"}],"about":[{"href":"https:\/\/www.josephinegey.de\/josephine_gey\/wp-json\/wp\/v2\/types\/page"}],"author":[{"embeddable":true,"href":"https:\/\/www.josephinegey.de\/josephine_gey\/wp-json\/wp\/v2\/users\/1"}],"replies":[{"embeddable":true,"href":"https:\/\/www.josephinegey.de\/josephine_gey\/wp-json\/wp\/v2\/comments?post=365"}],"version-history":[{"count":15,"href":"https:\/\/www.josephinegey.de\/josephine_gey\/wp-json\/wp\/v2\/pages\/365\/revisions"}],"predecessor-version":[{"id":734,"href":"https:\/\/www.josephinegey.de\/josephine_gey\/wp-json\/wp\/v2\/pages\/365\/revisions\/734"}],"wp:attachment":[{"href":"https:\/\/www.josephinegey.de\/josephine_gey\/wp-json\/wp\/v2\/media?parent=365"}],"curies":[{"name":"wp","href":"https:\/\/api.w.org\/{rel}","templated":true}]}}